= -2, -27 = -2*o - 3*f + a. What are the prime factors of o?
2
Let t be 19/5 + (-32)/(-10) + -3. Suppose r = 2*w - 527, 0 = w + t*w + 2*r - 1313. What are the prime factors of w?
263
Suppose 118 = -2*w + 506. Suppose 0 = 5*g - 3*g - w. What are the prime factors of g?
97
Suppose 0 = k + 3*h - 11 + 78, 0 = -3*k - 2*h - 166. Let x = 94 + k. Suppose 3*w = -3*w + x. List the prime factors of w.
7
Let m(h) = h - 4. Suppose 3*p + 27 = 3*v, -3*p = -0*p + 2*v + 12. Let l be m(p). Let y = 16 + l. What are the prime factors of y?
2, 3
Suppose 6*u - 4*u - 10 = 0. Suppose -5*z + m + 135 = 0, 5*z = -u*m + 4*m + 145. List the prime factors of z.
2, 7
Suppose 3*j - 4*j + 4 = 0. Suppose 23 = -j*c + 3*c + 4*p, -4*c = -3*p + 92. Let l = 44 + c. List the prime factors of l.
3, 7
Let c = 114 - 95. Suppose i + 2*h - 35 = 0, 0 = 4*i - 5*h - 56 - c. List the prime factors of i.
5
Suppose -707 + 556 = -b. List the prime factors of b.
151
Suppose -79*p + 242678 = -8*p. List the prime factors of p.
2, 1709
Let x(z) = 5*z + 11. Let q be x(6). Let f = 39 + q. What are the prime factors of f?
2, 5
Suppose 3*n + 0*n + 3 = 3*d, 0 = -4*d + 5*n + 1. Suppose 4*s - 3*m = 376, 5*s + d*m = 5*m + 470. What are the prime factors of s?
2, 47
Let v = -18 - -14. Let r(l) = -l**2 - 8*l - 6. List the prime factors of r(v).
2, 5
Suppose 0 = -5*f + 13 - 33, -w + 2*f = -13. Suppose -q = -t - 9, -3*q = -w*t - 57 + 24. Suppose -7*p = -q*p - 10. List the prime factors of p.
2, 5
Let c(v) = -8*v**2 + 15*v - 4. Let m(o) = -32*o**2 + 61*o - 16. Let y(q) = -9*c(q) + 2*m(q). What are the prime factors of y(-5)?
269
Let b = -10 + 3. Let u = b + 14. List the prime factors of ((-1)/(-4))/(u/196).
7
Let f = -150 + 224. List the prime factors of f.
2, 37
Suppose 5 + 11 = 4*v. Let d be (-1)/v + 507/12. Suppose -x + 7*x = d. List the prime factors of x.
7
Suppose 2*b - 1008 = -5*b. List the prime factors of b.
2, 3
Suppose 0 = 5*t + 16*f - 12*f - 3044, t - 611 = -3*f. List the prime factors of t.
2, 19
Let i(r) be the first derivative of -5*r**2 - 11/3*r**3 + 2 + 14*r - 1/4*r**4. List the prime factors of i(-10).
2, 7
Let m(h) = 5*h**2 + 50*h - 309. List the prime factors of m(18).
3, 11, 67
Suppose -2*d + 7 - 31 = 0. Let a(l) be the second derivative of -l**4/12 - 7*l**3/3 + 5*l**2/2 - 6*l. List the prime factors of a(d).
29
Suppose 24*c = 14914 + 11486. What are the prime factors of c?
2, 5, 11
Suppose -6*x + 5*l - 137 = -4*x, 4*l + 164 = -2*x. Let t = x + 180. What are the prime factors of t?
2, 13
Suppose 4*b = 65 - 1. What are the prime factors of (-138)/(-5) - b/(-40)?
2, 7
Suppose 6*r - r = -85. Let h = r + 7. Let i = h - -12. What are the prime factors of i?
2
Suppose 0 = 4*w + 6*w - 3060. What are the prime factors of w?
2, 3, 17
List the prime factors of (240/8)/10*2072/3.
2, 7, 37
Let h(q) = q**2 - 3. Let k(w) = -2*w**2 + 5. Let t(c) = -11*h(c) - 6*k(c). Let g be t(-4). Let y = 38 - g. What are the prime factors of y?
19
Let a be ((-4)/(-6))/(2/3). Suppose 0 = 30*s - 34*s + 20. What are the prime factors of a + (4 - (-1 - s))?
11
Let r(s) = -s**3 - 47*s**2 - 59*s - 81. What are the prime factors of r(-46)?
11, 47
Suppose 9*r - 170 = -r. Let t = 68 - r. What are the prime factors of t?
3, 17
Let x be (2 + -1)/(0 - -1). Let l be -1*(-3 - 16)*x. Let u = l - 9. List the prime factors of u.
2, 5
Suppose 3*o - 4*o = -2. List the prime factors of (-5 - -13) + -2*o.
2
Suppose 2*j - 3*g = -37, 5*j - 2*g - g = -106. Let h = j + 8. Let s = h + 31. List the prime factors of s.
2
Let k = 27 - 23. Suppose k*n = 3*s - 581, 2*s - 4*s = -5*n - 392. What are the prime factors of s?
191
Suppose 0 = 3*i - 2 - 7. Suppose -6*c + 9*c - 5*c = 0. Suppose -294 = -5*u + i*t, -3*t + c*t = -2*u + 114. What are the prime factors of u?
2, 3, 5
Suppose 8*g - 5 = 3*g. Let l(x) = -11*x**2 - 2*x + 1. Let a be l(g). Let i = a + 29. List the prime factors of i.
17
Suppose 426*w + 22104 = 435*w. What are the prime factors of w?
2, 307
Suppose -2*m - 5*u = -960, -u = 18*m - 13*m - 2377. What are the prime factors of m?
5, 19
What are the prime factors of (2 + (-1363 - -7 - -2))/(-1)?
2, 13
Let o(j) = -j**2 + 4*j + 4. Let a be o(4). Suppose 2*v = a - 0. Suppose -v*r - 49 + 16 = -z, -4*r = -12. What are the prime factors of z?
3, 13
Suppose 2*i + 3*r - 1190 = 0, -4*i = -0*i + r - 2400. What are the prime factors of i?
601
Suppose 4*a + x = -235 + 7114, 5163 = 3*a - 3*x. List the prime factors of a.
2, 5, 43
Let q(v) be the third derivative of v**5/4 + v**4/8 - 7*v**3/6 - 45*v**2. What are the prime factors of q(4)?
5, 7
Suppose -w + 5*t + 7 = 0, 5*t + 22 = -2*w - 2*w. Let m = -48 + 70. Let j = m + w. What are the prime factors of j?
19
Let t = 0 - -32. Suppose -4*d = 4*n - d - t, 0 = -4*n - 4*d + 36. Suppose -2*v - l + 44 = 0, 2*l - 104 = -n*v - 2*l. What are the prime factors of v?
2, 3
Let n(g) = -g - 1. Let l(j) = 6*j - 10. Let x(b) = l(b) - n(b). Let d be x(5). Suppose 4*h + 134 = 5*m, -h - d = -m - 0*h. What are the prime factors of m?
2, 3, 5
Let s(d) = -d**2 + 14*d - 11. Let c be s(13). Suppose 3*a - 5 = -c*r, 3*a - 2*a = 2*r + 15. Suppose a*b - 136 = -41. What are the prime factors of b?
19
Suppose -4*a = 1 - 9. Suppose 0 = a*h - 29 + 113. Let k = h - -90. What are the prime factors of k?
2, 3
Suppose 12*c - 237 = 3. Suppose -w = 3*w - 144. What are the prime factors of w/10 - (-8)/c?
2
Let l = 3916 - 1391. What are the prime factors of l?
5, 101
Suppose 4131 = 5*y - 3*n, 0*y = y - 5*n - 813. List the prime factors of y.
2, 3, 23
Suppose 33390 = 4*z + 6*z. List the prime factors of z.
3, 7, 53
Let j(h) = 146*h - 358. List the prime factors of j(15).
2, 229
Let p = 2 + 0. Suppose 5*z = p*j - 47, z - 4*z = j - 51. Suppose -4*q + 100 + j = 0. List the prime factors of q.
2, 17
List the prime factors of 336*(-2 - 33/(-12)).
2, 3, 7
Suppose -6*a + 123 = -21. Suppose -3*o - 8 = -4*b, -8*b = o - 4*b - a. Suppose -4*u = 2*h - 4*h + 90, -3*h + 175 = o*u. What are the prime factors of h?
53
Suppose -2*z + 7*z = 4*s - 1957, -3*s = -5*z - 1469. List the prime factors of s.
2, 61
Let t = 718 + 352. List the prime factors of t.
2, 5, 107
Let q be (-6 - -2)*27/2. Suppose 3*k + x = 264, -2*k + 2*x - 4*x = -180. Let p = k + q. What are the prime factors of p?
3, 11
Let o be -744 + (3/1)/3. Let j = -477 - o. List the prime factors of j.
2, 7, 19
Suppose 0 = -5*w - 3*d - 19, -4*w - 12 = 4*d - 0*d. Let j(u) = -7*u - 44. Let c be j(-8). Let i = c - w. List the prime factors of i.
17
Let a be 4/(-6) + 7/(-3). Let y(n) be the first derivative of n**3/3 - 4*n - 4. What are the prime factors of y(a)?
5
Suppose 1032 = 3*h - 3*c, -2*c + 60 = -4*h + 1430. What are the prime factors of h?
11, 31
Suppose 13 - 8 = -5*g. Let t be 3 - (22 + g - -1). Let h = 48 + t. What are the prime factors of h?
29
Let v = 9 - 7. Suppose -4*b + 14 = c, v*b + 4 = -3*c + 16. Suppose -6 = -2*s + b*g, -4*s - 3*g + 5 + 43 = 0. What are the prime factors of s?
3
Suppose 4*h - 17 = -p, 5*h = -4*p - p + 10. Suppose 4*x = h + 3. Suppose -x*s - 2*o = -4*s + 48, 12 = -4*o. What are the prime factors of s?
3, 7
Let q(g) be the third derivative of g**5/60 + 5*g**4/12 - 5*g**3/3 - 23*g**2. List the prime factors of q(6).
2, 43
List the prime factors of (1/2)/(((-35)/(-6110))/7).
13, 47
Let i(b) = -14*b + 1. Let z(a) = 13*a. Let q(t) = -2*i(t) - 3*z(t). Let u be q(5). Let o = 106 + u. What are the prime factors of o?
7
Let l(s) = 212*s - 17. What are the prime factors of l(7)?
3, 163
Let n(f) = f**3 + 4*f**2 - 4*f + 2. Let j be n(-5). Let q = 4 + j. Let s = 1 + q. What are the prime factors of s?
2
Suppose 2*d - 15 = -5*w + 7*d, -d - 17 = -3*w. Let a be (-27)/(-2) + 2/4. Let c = a - w. What are the prime factors of c?
7
Let j = 710 + -232. Suppose 13*f - 11*f = j. List the prime factors of f.
239
Let h be ((-5)/15)/(3/(-18)). Suppose h*v - 40 = 2*a - 0*a, -v = 3*a. What are the prime factors of (-6)/v - 336/(-15)?
2, 11
Suppose -3*w + 35 + 52 = 0. Suppose p + w = j, 0 = -0*j - 4*j + 5*p + 113. What are the prime factors of j?
2
Suppose 2*s - 3 - 3 = 0. Let d = s - 12. Let y(r) = -4*r - 2. What are the prime factors of y(d)?
2, 17
Suppose -7*y + 3*h = -3*y - 2064, 2*y - 1032 = 3*h. Let j = y - 295. List the prime factors of j.
13, 17
Let b be (4/12)/(4/1404). Suppose -2*d + b = -d + 